[INFO] cloning repository https://github.com/Linkiko/rosa
[INFO] running `Command { std: "git" "-c" "credential.helper=" "-c" "credential.helper=/workspace/cargo-home/bin/git-credential-null" "clone" "--bare" "https://github.com/Linkiko/rosa" "/workspace/cache/git-repos/https%3A%2F%2Fgithub.com%2FLinkiko%2Frosa", kill_on_drop: false }`
[INFO] [stderr] Cloning into bare repository '/workspace/cache/git-repos/https%3A%2F%2Fgithub.com%2FLinkiko%2Frosa'...
[INFO] running `Command { std: "git" "rev-parse" "HEAD", kill_on_drop: false }`
[INFO] [stdout] a7cdddb492ed50bf668c16f15b2dab1935637d9f
[INFO] checking Linkiko/rosa against master#e6e4f7ed1589e03bc2f6c5931c1a72e7947e8682 for beta-170-4
[INFO] running `Command { std: "git" "clone" "/workspace/cache/git-repos/https%3A%2F%2Fgithub.com%2FLinkiko%2Frosa" "/workspace/builds/worker-5-tc2/source", kill_on_drop: false }`
[INFO] [stderr] Cloning into '/workspace/builds/worker-5-tc2/source'...
[INFO] [stderr] done.
[INFO] validating manifest of git repo https://github.com/Linkiko/rosa on toolchain e6e4f7ed1589e03bc2f6c5931c1a72e7947e8682
[INFO] running `Command { std: CARGO_HOME="/workspace/cargo-home" RUSTUP_HOME="/workspace/rustup-home" "/workspace/cargo-home/bin/cargo" "+e6e4f7ed1589e03bc2f6c5931c1a72e7947e8682" "metadata" "--manifest-path" "Cargo.toml" "--no-deps", kill_on_drop: false }`
[INFO] started tweaking git repo https://github.com/Linkiko/rosa
[INFO] finished tweaking git repo https://github.com/Linkiko/rosa
[INFO] tweaked toml for git repo https://github.com/Linkiko/rosa written to /workspace/builds/worker-5-tc2/source/Cargo.toml
[INFO] crate git repo https://github.com/Linkiko/rosa already has a lockfile, it will not be regenerated
[INFO] running `Command { std: CARGO_HOME="/workspace/cargo-home" RUSTUP_HOME="/workspace/rustup-home" "/workspace/cargo-home/bin/cargo" "+e6e4f7ed1589e03bc2f6c5931c1a72e7947e8682" "fetch" "--manifest-path" "Cargo.toml", kill_on_drop: false }`
[INFO] running `Command { std: "docker" "create" "-v" "/var/lib/crater-agent-workspace/builds/worker-5-tc2/target:/opt/rustwide/target:rw,Z" "-v" "/var/lib/crater-agent-workspace/builds/worker-5-tc2/source:/opt/rustwide/workdir:ro,Z" "-v" "/var/lib/crater-agent-workspace/cargo-home:/opt/rustwide/cargo-home:ro,Z" "-v" "/var/lib/crater-agent-workspace/rustup-home:/opt/rustwide/rustup-home:ro,Z" "-e" "SOURCE_DIR=/opt/rustwide/workdir" "-e" "CARGO_TARGET_DIR=/opt/rustwide/target" "-e" "CARGO_HOME=/opt/rustwide/cargo-home" "-e" "RUSTUP_HOME=/opt/rustwide/rustup-home" "-w" "/opt/rustwide/workdir" "-m" "1610612736" "--user" "0:0" "--network" "none" "ghcr.io/rust-lang/crates-build-env/linux@sha256:19e73879b68f455e41552ea35293514db52ea292d993f571636dbffedb77a1ee" "/opt/rustwide/cargo-home/bin/cargo" "+e6e4f7ed1589e03bc2f6c5931c1a72e7947e8682" "metadata" "--no-deps" "--format-version=1", kill_on_drop: false }`
[INFO] [stdout] e291fe691e95d8ad34aa1de574d3ed3b2598feafa02cd7b8ace1cb61c859b8c0
[INFO] running `Command { std: "docker" "start" "-a" "e291fe691e95d8ad34aa1de574d3ed3b2598feafa02cd7b8ace1cb61c859b8c0", kill_on_drop: false }`
[INFO] running `Command { std: "docker" "inspect" "e291fe691e95d8ad34aa1de574d3ed3b2598feafa02cd7b8ace1cb61c859b8c0", kill_on_drop: false }`
[INFO] running `Command { std: "docker" "rm" "-f" "e291fe691e95d8ad34aa1de574d3ed3b2598feafa02cd7b8ace1cb61c859b8c0", kill_on_drop: false }`
[INFO] [stdout] e291fe691e95d8ad34aa1de574d3ed3b2598feafa02cd7b8ace1cb61c859b8c0
[INFO] running `Command { std: "docker" "create" "-v" "/var/lib/crater-agent-workspace/builds/worker-5-tc2/target:/opt/rustwide/target:rw,Z" "-v" "/var/lib/crater-agent-workspace/builds/worker-5-tc2/source:/opt/rustwide/workdir:ro,Z" "-v" "/var/lib/crater-agent-workspace/cargo-home:/opt/rustwide/cargo-home:ro,Z" "-v" "/var/lib/crater-agent-workspace/rustup-home:/opt/rustwide/rustup-home:ro,Z" "-e" "SOURCE_DIR=/opt/rustwide/workdir" "-e" "CARGO_TARGET_DIR=/opt/rustwide/target" "-e" "CARGO_INCREMENTAL=0" "-e" "RUST_BACKTRACE=full" "-e" "RUSTFLAGS=--cap-lints=forbid" "-e" "RUSTDOCFLAGS=--cap-lints=forbid" "-e" "CARGO_HOME=/opt/rustwide/cargo-home" "-e" "RUSTUP_HOME=/opt/rustwide/rustup-home" "-w" "/opt/rustwide/workdir" "-m" "1610612736" "--user" "0:0" "--network" "none" "ghcr.io/rust-lang/crates-build-env/linux@sha256:19e73879b68f455e41552ea35293514db52ea292d993f571636dbffedb77a1ee" "/opt/rustwide/cargo-home/bin/cargo" "+e6e4f7ed1589e03bc2f6c5931c1a72e7947e8682" "check" "--frozen" "--all" "--all-targets" "--message-format=json", kill_on_drop: false }`
[INFO] [stdout] 9833e773e3a42bdab194c38dbba53c0fd89114c86d954b13092e6563e127e5eb
[INFO] running `Command { std: "docker" "start" "-a" "9833e773e3a42bdab194c38dbba53c0fd89114c86d954b13092e6563e127e5eb", kill_on_drop: false }`
[INFO] [stderr]    Compiling proc-macro2 v1.0.40
[INFO] [stderr]    Compiling quote v1.0.20
[INFO] [stderr]    Compiling syn v1.0.98
[INFO] [stderr]    Compiling wasm-bindgen-shared v0.2.80
[INFO] [stderr]    Compiling serde_derive v1.0.137
[INFO] [stderr]    Compiling lazy_static v1.4.0
[INFO] [stderr]    Compiling bumpalo v3.10.0
[INFO] [stderr]    Compiling serde v1.0.137
[INFO] [stderr]    Compiling serde_json v1.0.81
[INFO] [stderr]     Checking itoa v1.0.2
[INFO] [stderr]    Compiling wasm-bindgen v0.2.80
[INFO] [stderr]     Checking ryu v1.0.10
[INFO] [stderr]     Checking scoped-tls v1.0.0
[INFO] [stderr]     Checking time v0.1.44
[INFO] [stderr]     Checking chrono v0.4.19
[INFO] [stderr]    Compiling wasm-bindgen-test-macro v0.3.30
[INFO] [stderr]    Compiling wasm-bindgen-backend v0.2.80
[INFO] [stderr]    Compiling wasm-bindgen-macro-support v0.2.80
[INFO] [stderr]    Compiling wasm-bindgen-macro v0.2.80
[INFO] [stderr]     Checking js-sys v0.3.57
[INFO] [stderr]     Checking console_error_panic_hook v0.1.7
[INFO] [stderr]     Checking web-sys v0.3.57
[INFO] [stderr]     Checking wasm-bindgen-futures v0.4.30
[INFO] [stderr]     Checking wasm-bindgen-test v0.3.30
[INFO] [stderr]     Checking rosa v0.1.0 (/opt/rustwide/workdir)
[INFO] [stdout] error: expected `;`, found keyword `let`
[INFO] [stdout]   --> src/lib.rs:36:10
[INFO] [stdout]    |
[INFO] [stdout] 36 |         }
[INFO] [stdout]    |          ^ help: add `;` here
[INFO] [stdout] 37 |         let uniform_locations = UniformLocations {
[INFO] [stdout]    |         --- unexpected token
[INFO] [stdout] 
[INFO] [stdout] 
[INFO] [stdout] error: expected `;`, found keyword `let`
[INFO] [stdout]   --> src/lib.rs:36:10
[INFO] [stdout]    |
[INFO] [stdout] 36 |         }
[INFO] [stdout]    |          ^ help: add `;` here
[INFO] [stdout] 37 |         let uniform_locations = UniformLocations {
[INFO] [stdout]    |         --- unexpected token
[INFO] [stdout] 
[INFO] [stdout] 
[INFO] [stdout] error: expected `;`, found `ProgramInfo`
[INFO] [stdout]   --> src/lib.rs:39:10
[INFO] [stdout]    |
[INFO] [stdout] 39 |         }
[INFO] [stdout]    |          ^ help: add `;` here
[INFO] [stdout] 40 |         ProgramInfo {
[INFO] [stdout]    |         ----------- unexpected token
[INFO] [stdout] 
[INFO] [stdout] 
[INFO] [stdout] error: expected `;`, found `ProgramInfo`
[INFO] [stdout]   --> src/lib.rs:39:10
[INFO] [stdout]    |
[INFO] [stdout] 39 |         }
[INFO] [stdout]    |          ^ help: add `;` here
[INFO] [stdout] 40 |         ProgramInfo {
[INFO] [stdout]    |         ----------- unexpected token
[INFO] [stdout] 
[INFO] [stdout] 
[INFO] [stdout] error: expected `;`, found keyword `let`
[INFO] [stdout]   --> src/lib.rs:73:47
[INFO] [stdout]    |
[INFO] [stdout] 73 |     context.get_attrib_location(program, name)
[INFO] [stdout]    |                                               ^ help: add `;` here
[INFO] [stdout] 74 |     let vertices: [f32; 9] = [-0.7, -0.7, 0.0, 0.7, -0.7, 0.0, 0.0, 0.7, 0.0];
[INFO] [stdout]    |     --- unexpected token
[INFO] [stdout] 
[INFO] [stdout] 
[INFO] [stdout] error: expected `;`, found keyword `let`
[INFO] [stdout]   --> src/lib.rs:73:47
[INFO] [stdout]    |
[INFO] [stdout] 73 |     context.get_attrib_location(program, name)
[INFO] [stdout]    |                                               ^ help: add `;` here
[INFO] [stdout] 74 |     let vertices: [f32; 9] = [-0.7, -0.7, 0.0, 0.7, -0.7, 0.0, 0.0, 0.7, 0.0];
[INFO] [stdout]    |     --- unexpected token
[INFO] [stdout] 
[INFO] [stdout] 
[INFO] [stdout] error: unexpected token
[INFO] [stdout]   --> src/lib.rs:74:5
[INFO] [stdout]    |
[INFO] [stdout] 74 |     let vertices: [f32; 9] = [-0.7, -0.7, 0.0, 0.7, -0.7, 0.0, 0.0, 0.7, 0.0];
[INFO] [stdout]    |     ^^^
[INFO] [stdout] 
[INFO] [stdout] 
[INFO] [stdout] error: unexpected token
[INFO] [stdout]   --> src/lib.rs:74:5
[INFO] [stdout]    |
[INFO] [stdout] 74 |     let vertices: [f32; 9] = [-0.7, -0.7, 0.0, 0.7, -0.7, 0.0, 0.0, 0.7, 0.0];
[INFO] [stdout]    |     ^^^
[INFO] [stdout] 
[INFO] [stdout] 
[INFO] [stdout] error[E0425]: cannot find value `uniform_block_name` in this scope
[INFO] [stdout]   --> src/lib.rs:38:111
[INFO] [stdout]    |
[INFO] [stdout] 38 |             projectionMatrix: context.get_active_uniforms(&program, context.get_uniform_block_index(&program, uniform_block_name), pname)
[INFO] [stdout]    |                                                                                                               ^^^^^^^^^^^^^^^^^^ not found in this scope
[INFO] [stdout] 
[INFO] [stdout] 
[INFO] [stdout] error[E0425]: cannot find value `pname` in this scope
[INFO] [stdout]   --> src/lib.rs:38:132
[INFO] [stdout]    |
[INFO] [stdout] 38 |             projectionMatrix: context.get_active_uniforms(&program, context.get_uniform_block_index(&program, uniform_block_name), pname)
[INFO] [stdout]    |                                                                                                                                    ^^^^^ not found in this scope
[INFO] [stdout] 
[INFO] [stdout] 
[INFO] [stdout] error[E0425]: cannot find value `name` in this scope
[INFO] [stdout]   --> src/lib.rs:42:104
[INFO] [stdout]    |
[INFO] [stdout] 42 |             attrib_locations: AttributeLocation { vertexPosition: context.get_attrib_location(program, name) }
[INFO] [stdout]    |                                                                                                        ^^^^ not found in this scope
[INFO] [stdout] 
[INFO] [stdout] 
[INFO] [stdout] error[E0425]: cannot find value `uniform_block_name` in this scope
[INFO] [stdout]   --> src/lib.rs:38:111
[INFO] [stdout]    |
[INFO] [stdout] 38 |             projectionMatrix: context.get_active_uniforms(&program, context.get_uniform_block_index(&program, uniform_block_name), pname)
[INFO] [stdout]    |                                                                                                               ^^^^^^^^^^^^^^^^^^ not found in this scope
[INFO] [stdout] 
[INFO] [stdout] 
[INFO] [stdout] warning: unused import: `core::panic`
[INFO] [stdout]  --> src/lib.rs:1:5
[INFO] [stdout]   |
[INFO] [stdout] 1 | use core::panic;
[INFO] [stdout]   |     ^^^^^^^^^^^
[INFO] [stdout]   |
[INFO] [stdout]   = note: `#[warn(unused_imports)]` on by default
[INFO] [stdout] 
[INFO] [stdout] 
[INFO] [stdout] error[E0425]: cannot find value `pname` in this scope
[INFO] [stdout]   --> src/lib.rs:38:132
[INFO] [stdout]    |
[INFO] [stdout] 38 |             projectionMatrix: context.get_active_uniforms(&program, context.get_uniform_block_index(&program, uniform_block_name), pname)
[INFO] [stdout]    |                                                                                                                                    ^^^^^ not found in this scope
[INFO] [stdout] 
[INFO] [stdout] 
[INFO] [stdout] warning: unused import: `wasm_bindgen::JsCast`
[INFO] [stdout]  --> src/lib.rs:4:5
[INFO] [stdout]   |
[INFO] [stdout] 4 | use wasm_bindgen::JsCast;
[INFO] [stdout]   |     ^^^^^^^^^^^^^^^^^^^^
[INFO] [stdout] 
[INFO] [stdout] 
[INFO] [stdout] warning: unused import: `web_sys::*`
[INFO] [stdout]  --> src/lib.rs:5:5
[INFO] [stdout]   |
[INFO] [stdout] 5 | use web_sys::*;
[INFO] [stdout]   |     ^^^^^^^^^^
[INFO] [stdout] 
[INFO] [stdout] 
[INFO] [stdout] error[E0425]: cannot find value `name` in this scope
[INFO] [stdout]   --> src/lib.rs:42:104
[INFO] [stdout]    |
[INFO] [stdout] 42 |             attrib_locations: AttributeLocation { vertexPosition: context.get_attrib_location(program, name) }
[INFO] [stdout]    |                                                                                                        ^^^^ not found in this scope
[INFO] [stdout] 
[INFO] [stdout] 
[INFO] [stdout] warning: unused import: `WebGlShader`
[INFO] [stdout]  --> src/lib.rs:6:53
[INFO] [stdout]   |
[INFO] [stdout] 6 | use web_sys::{WebGl2RenderingContext, WebGlProgram, WebGlShader};
[INFO] [stdout]   |                                                     ^^^^^^^^^^^
[INFO] [stdout] 
[INFO] [stdout] 
[INFO] [stdout] warning: unused macro definition: `log`
[INFO] [stdout]  --> src/lib.rs:8:14
[INFO] [stdout]   |
[INFO] [stdout] 8 | macro_rules! log {
[INFO] [stdout]   |              ^^^
[INFO] [stdout]   |
[INFO] [stdout]   = note: `#[warn(unused_macros)]` on by default
[INFO] [stdout] 
[INFO] [stdout] 
[INFO] [stdout] warning: unused import: `core::panic`
[INFO] [stdout]  --> src/lib.rs:1:5
[INFO] [stdout]   |
[INFO] [stdout] 1 | use core::panic;
[INFO] [stdout]   |     ^^^^^^^^^^^
[INFO] [stdout]   |
[INFO] [stdout]   = note: `#[warn(unused_imports)]` on by default
[INFO] [stdout] 
[INFO] [stdout] 
[INFO] [stdout] warning: unused import: `wasm_bindgen::JsCast`
[INFO] [stdout]  --> src/lib.rs:4:5
[INFO] [stdout]   |
[INFO] [stdout] 4 | use wasm_bindgen::JsCast;
[INFO] [stdout]   |     ^^^^^^^^^^^^^^^^^^^^
[INFO] [stdout] 
[INFO] [stdout] 
[INFO] [stdout] warning: unused import: `web_sys::*`
[INFO] [stdout]  --> src/lib.rs:5:5
[INFO] [stdout]   |
[INFO] [stdout] 5 | use web_sys::*;
[INFO] [stdout]   |     ^^^^^^^^^^
[INFO] [stdout] 
[INFO] [stdout] 
[INFO] [stdout] warning: unused import: `WebGlShader`
[INFO] [stdout]  --> src/lib.rs:6:53
[INFO] [stdout]   |
[INFO] [stdout] 6 | use web_sys::{WebGl2RenderingContext, WebGlProgram, WebGlShader};
[INFO] [stdout]   |                                                     ^^^^^^^^^^^
[INFO] [stdout] 
[INFO] [stdout] 
[INFO] [stdout] warning: unused macro definition: `log`
[INFO] [stdout]  --> src/lib.rs:8:14
[INFO] [stdout]   |
[INFO] [stdout] 8 | macro_rules! log {
[INFO] [stdout]   |              ^^^
[INFO] [stdout]   |
[INFO] [stdout]   = note: `#[warn(unused_macros)]` on by default
[INFO] [stdout] 
[INFO] [stdout] 
[INFO] [stdout] error[E0308]: mismatched types
[INFO] [stdout]     --> src/lib.rs:38:69
[INFO] [stdout]      |
[INFO] [stdout] 38   |             projectionMatrix: context.get_active_uniforms(&program, context.get_uniform_block_index(&program, uniform_block_name), pname)
[INFO] [stdout]      |                                       -------------------           ^^^^^^^^^^^^^^^^^^^^^^^^^^^^^^^^^^^^^^^^^^^^^^^^^^^^^^^^^^^^^ expected `&JsValue`, found `u32`
[INFO] [stdout]      |                                       |
[INFO] [stdout]      |                                       arguments to this method are incorrect
[INFO] [stdout]      |
[INFO] [stdout] note: method defined here
[INFO] [stdout]     --> /opt/rustwide/cargo-home/registry/src/index.crates.io-6f17d22bba15001f/web-sys-0.3.57/src/features/gen_WebGl2RenderingContext.rs:1588:12
[INFO] [stdout]      |
[INFO] [stdout] 1588 |     pub fn get_active_uniforms(
[INFO] [stdout]      |            ^^^^^^^^^^^^^^^^^^^
[INFO] [stdout] 
[INFO] [stdout] 
[INFO] [stdout] error[E0063]: missing field `modelViewMatrix` in initializer of `UniformLocations`
[INFO] [stdout]   --> src/lib.rs:37:33
[INFO] [stdout]    |
[INFO] [stdout] 37 |         let uniform_locations = UniformLocations {
[INFO] [stdout]    |                                 ^^^^^^^^^^^^^^^^ missing `modelViewMatrix`
[INFO] [stdout] 
[INFO] [stdout] 
[INFO] [stdout] error[E0308]: mismatched types
[INFO] [stdout]     --> src/lib.rs:38:69
[INFO] [stdout]      |
[INFO] [stdout] 38   |             projectionMatrix: context.get_active_uniforms(&program, context.get_uniform_block_index(&program, uniform_block_name), pname)
[INFO] [stdout]      |                                       -------------------           ^^^^^^^^^^^^^^^^^^^^^^^^^^^^^^^^^^^^^^^^^^^^^^^^^^^^^^^^^^^^^ expected `&JsValue`, found `u32`
[INFO] [stdout]      |                                       |
[INFO] [stdout]      |                                       arguments to this method are incorrect
[INFO] [stdout]      |
[INFO] [stdout] note: method defined here
[INFO] [stdout]     --> /opt/rustwide/cargo-home/registry/src/index.crates.io-6f17d22bba15001f/web-sys-0.3.57/src/features/gen_WebGl2RenderingContext.rs:1588:12
[INFO] [stdout]      |
[INFO] [stdout] 1588 |     pub fn get_active_uniforms(
[INFO] [stdout]      |            ^^^^^^^^^^^^^^^^^^^
[INFO] [stdout] 
[INFO] [stdout] 
[INFO] [stdout] error[E0063]: missing field `modelViewMatrix` in initializer of `UniformLocations`
[INFO] [stdout]   --> src/lib.rs:37:33
[INFO] [stdout]    |
[INFO] [stdout] 37 |         let uniform_locations = UniformLocations {
[INFO] [stdout]    |                                 ^^^^^^^^^^^^^^^^ missing `modelViewMatrix`
[INFO] [stdout] 
[INFO] [stdout] 
[INFO] [stdout] error[E0308]: mismatched types
[INFO] [stdout]     --> src/lib.rs:42:95
[INFO] [stdout]      |
[INFO] [stdout] 42   |             attrib_locations: AttributeLocation { vertexPosition: context.get_attrib_location(program, name) }
[INFO] [stdout]      |                                                                           ------------------- ^^^^^^^ expected `&WebGlProgram`, found `WebGlProgram`
[INFO] [stdout]      |                                                                           |
[INFO] [stdout]      |                                                                           arguments to this method are incorrect
[INFO] [stdout]      |
[INFO] [stdout] note: method defined here
[INFO] [stdout]     --> /opt/rustwide/cargo-home/registry/src/index.crates.io-6f17d22bba15001f/web-sys-0.3.57/src/features/gen_WebGl2RenderingContext.rs:5556:12
[INFO] [stdout]      |
[INFO] [stdout] 5556 |     pub fn get_attrib_location(
[INFO] [stdout]      |            ^^^^^^^^^^^^^^^^^^^
[INFO] [stdout] help: consider borrowing here
[INFO] [stdout]      |
[INFO] [stdout] 42   |             attrib_locations: AttributeLocation { vertexPosition: context.get_attrib_location(&program, name) }
[INFO] [stdout]      |                                                                                               +
[INFO] [stdout] 
[INFO] [stdout] 
[INFO] [stdout] error[E0308]: mismatched types
[INFO] [stdout]     --> src/lib.rs:42:95
[INFO] [stdout]      |
[INFO] [stdout] 42   |             attrib_locations: AttributeLocation { vertexPosition: context.get_attrib_location(program, name) }
[INFO] [stdout]      |                                                                           ------------------- ^^^^^^^ expected `&WebGlProgram`, found `WebGlProgram`
[INFO] [stdout]      |                                                                           |
[INFO] [stdout]      |                                                                           arguments to this method are incorrect
[INFO] [stdout]      |
[INFO] [stdout] note: method defined here
[INFO] [stdout]     --> /opt/rustwide/cargo-home/registry/src/index.crates.io-6f17d22bba15001f/web-sys-0.3.57/src/features/gen_WebGl2RenderingContext.rs:5556:12
[INFO] [stdout]      |
[INFO] [stdout] 5556 |     pub fn get_attrib_location(
[INFO] [stdout]      |            ^^^^^^^^^^^^^^^^^^^
[INFO] [stdout] help: consider borrowing here
[INFO] [stdout]      |
[INFO] [stdout] 42   |             attrib_locations: AttributeLocation { vertexPosition: context.get_attrib_location(&program, name) }
[INFO] [stdout]      |                                                                                               +
[INFO] [stdout] 
[INFO] [stdout] 
[INFO] [stdout] error[E0063]: missing field `uniform_locations` in initializer of `ProgramInfo`
[INFO] [stdout]   --> src/lib.rs:40:9
[INFO] [stdout]    |
[INFO] [stdout] 40 |         ProgramInfo {
[INFO] [stdout]    |         ^^^^^^^^^^^ missing `uniform_locations`
[INFO] [stdout] 
[INFO] [stdout] 
[INFO] [stdout] error[E0063]: missing field `uniform_locations` in initializer of `ProgramInfo`
[INFO] [stdout]   --> src/lib.rs:40:9
[INFO] [stdout]    |
[INFO] [stdout] 40 |         ProgramInfo {
[INFO] [stdout]    |         ^^^^^^^^^^^ missing `uniform_locations`
[INFO] [stdout] 
[INFO] [stdout] 
[INFO] [stdout] error[E0308]: mismatched types
[INFO] [stdout]   --> src/lib.rs:40:9
[INFO] [stdout]    |
[INFO] [stdout] 33 |       pub fn new(context: WebGl2RenderingContext, program:WebGlProgram ) {
[INFO] [stdout]    |                                                                          - expected `()` because of default return type
[INFO] [stdout] ...
[INFO] [stdout] 40 | /         ProgramInfo {
[INFO] [stdout] 41 | |             program,
[INFO] [stdout] 42 | |             attrib_locations: AttributeLocation { vertexPosition: context.get_attrib_location(program, name) }
[INFO] [stdout] 43 | |         }
[INFO] [stdout]    | |_________^ expected `()`, found `ProgramInfo`
[INFO] [stdout] 
[INFO] [stdout] 
[INFO] [stdout] error[E0308]: mismatched types
[INFO] [stdout]   --> src/lib.rs:40:9
[INFO] [stdout]    |
[INFO] [stdout] 33 |       pub fn new(context: WebGl2RenderingContext, program:WebGlProgram ) {
[INFO] [stdout]    |                                                                          - expected `()` because of default return type
[INFO] [stdout] ...
[INFO] [stdout] 40 | /         ProgramInfo {
[INFO] [stdout] 41 | |             program,
[INFO] [stdout] 42 | |             attrib_locations: AttributeLocation { vertexPosition: context.get_attrib_location(program, name) }
[INFO] [stdout] 43 | |         }
[INFO] [stdout]    | |_________^ expected `()`, found `ProgramInfo`
[INFO] [stdout] 
[INFO] [stdout] 
[INFO] [stdout] error: aborting due to 12 previous errors; 5 warnings emitted
[INFO] [stdout] 
[INFO] [stdout] 
[INFO] [stdout] Some errors have detailed explanations: E0063, E0308, E0425.
[INFO] [stdout] 
[INFO] [stdout] For more information about an error, try `rustc --explain E0063`.
[INFO] [stdout] 
[INFO] [stdout] error: aborting due to 12 previous errors; 5 warnings emitted
[INFO] [stdout] 
[INFO] [stdout] 
[INFO] [stdout] Some errors have detailed explanations: E0063, E0308, E0425.
[INFO] [stdout] 
[INFO] [stdout] For more information about an error, try `rustc --explain E0063`.
[INFO] [stdout] 
[INFO] [stderr] error: could not compile `rosa` (lib) due to 13 previous errors; 5 warnings emitted
[INFO] [stderr] warning: build failed, waiting for other jobs to finish...
[INFO] [stderr] error: could not compile `rosa` (lib test) due to 13 previous errors; 5 warnings emitted
[INFO] running `Command { std: "docker" "inspect" "9833e773e3a42bdab194c38dbba53c0fd89114c86d954b13092e6563e127e5eb", kill_on_drop: false }`
[INFO] running `Command { std: "docker" "rm" "-f" "9833e773e3a42bdab194c38dbba53c0fd89114c86d954b13092e6563e127e5eb", kill_on_drop: false }`
[INFO] [stdout] 9833e773e3a42bdab194c38dbba53c0fd89114c86d954b13092e6563e127e5eb
